122 = 0. What is the tens digit of z?
8
Let u(g) = g**2 - 2*g - g + 2 - 4*g. Let r be u(6). Let q(o) = -2*o**3 - 6*o**2 - 2*o + 5. What is the tens digit of q(r)?
4
Suppose 188*b - 170*b = 5004. What is the tens digit of b?
7
Let d(w) = w**2 + 9*w + 6. Let r be d(-3). Let c = 33 + r. What is the tens digit of c?
2
What is the hundreds digit of 67 + 2334 - (-7 + -1)?
4
Suppose 2*n + 2 = 0, 7*c - 11*c + 336 = 4*n. Let k = c - 60. What is the tens digit of k?
2
Suppose 5*w = s + 16, 0 = -s - w - 0 + 2. Let g(a) = -15*a**3 - 2*a - 1. What is the units digit of g(s)?
6
Let a(k) = 30*k + 72. Let o be a(22). Suppose -5*w + b = -o, -5*w + 182 + 568 = 5*b. What is the hundreds digit of w?
1
Suppose -m = -2*a + 3427, 0*a = 3*a - m - 5140. What is the thousands digit of a?
1
Let p be 1/(0 - 2/(-6)). Suppose w + p*m = 6*m, -3*w = -5*m. Suppose w*x = 4*x - 72. What is the tens digit of x?
1
Suppose -313 = -10*m + 5097. What is the tens digit of m?
4
Suppose -3*l + 2795 = -27*u + 32*u, -u = 5*l - 4629. What is the tens digit of l?
2
Suppose 4*u - 2*b + 10 = 0, 5*u = 2*u - 4*b + 9. Suppose 0 = -h - 2*i + 4, 5*h + 3*i + 19 = 6*i. What is the tens digit of (58 + u)/1 + h?
5
Suppose 4*w + 48 = 64. Suppose -3*r + 366 = 5*f, -r + w*f + 122 = 5*f. What is the tens digit of r?
2
Suppose -990 = -w - 3*f, 1980 = 2*w + 4*f + f. What is the units digit of w?
0
Suppose -4*v - 365 = -5*b + v, b - 88 = -4*v. What is the units digit of b/5*(-250)/(-20)?
0
Suppose -3*a = -0*a - 18. Let z = a + -4. Suppose -z*k = k - 24. What is the units digit of k?
8
Let h = 717 + 1774. What is the units digit of h?
1
Let w be ((-20)/(-8))/(2/8). Suppose -k = k - w. Suppose k*a - 1 = -5*y + 14, 10 = -5*y. What is the units digit of a?
5
Let s = -19 - -20. Let k be ((-31)/2)/(s/(-2)). What is the tens digit of (0/(-4) - 1) + k?
3
Let u be (5/(25/(-10)))/(-1 - -3). Let z(a) = -a**3 - a**2 + 3*a - 4. Let d be z(-4). What is the tens digit of d + u + 2 + -1?
3
Suppose 3*b = 8*b + 2*c - 8300, 0 = 3*c - 15. What is the thousands digit of b?
1
Let p(s) = 3*s + 16. Let j be p(-9). Let q = -8 - j. Suppose 34 = a + a + 5*l, -4*l + 65 = q*a. What is the tens digit of a?
2
Let h be 14 + (2/(-2) - 1). What is the units digit of (0 - 296/h)/(6/(-9))?
7
Let c = 5 + -1. Let t(b) = -2*b + 3. Let z be t(c). Let m(h) = h**3 + 5*h**2 - 2*h + 7. What is the units digit of m(z)?
7
Let s be (-1)/(1/(-2)) - -2. What is the tens digit of 331/s + (-10)/(-40)?
8
Suppose 0 = -49*o + 54*o - 1425. What is the hundreds digit of o?
2
Suppose 0 = -3*q + 6362 - 170. What is the hundreds digit of q?
0
Let m = -255 + 123. What is the units digit of ((-44)/5)/(m/(-45) + -3)?
2
Suppose -z + 1659 = 3*o - 3241, -3252 = -2*o + 3*z. What is the hundreds digit of o?
6
Let h = -7084 - -10718. What is the thousands digit of h?
3
Let c(t) = 18*t**3 - 5*t**2 - 7*t - 1. What is the units digit of c(3)?
9
What is the tens digit of 12/16 + 44356/16?
7
Let d(u) = u**2 - 5*u. Let l(q) = q**2 - 11*q + 6. Let g(o) = 2*d(o) - l(o). Let k = -6 + 11. What is the tens digit of g(k)?
2
Let m(g) = -137*g - 1. Let d be m(-2). Let v = d + -59. What is the hundreds digit of v?
2
Let u be (9/6)/(15/(-100)). Let t = -5 - u. Suppose a - t = 5. What is the tens digit of a?
1
Let p = -33 + 37. Suppose 137 = -p*v + 369. What is the tens digit of v?
5
Suppose -3*o = -4*o + 7. Let m = o - 2. Suppose 0 = -m*i + 20 + 65. What is the tens digit of i?
1
Let i(n) be the second derivative of 2*n**3/3 + 23*n**2/2 + 11*n. What is the units digit of i(-5)?
3
Suppose -10*j - 115 = -15. Let u = j + 44. What is the units digit of u?
4
Let c(n) = -n**2 - 2*n + 4769. What is the thousands digit of c(0)?
4
Suppose -56 = -0*z + 4*z. What is the units digit of z*2/8*(-8)/14?
2
Let s be (3874/52)/(1/26). Suppose -364 = 11*q - s. What is the tens digit of q?
4
Let r = -8 + 14. Suppose -366 = -12*f + r*f. What is the tens digit of f?
6
Suppose -13*c = -2152 - 5908. What is the hundreds digit of c?
6
Let c = 335 - 272. What is the units digit of c?
3
Suppose 0 = -3*z - 3*w + 6768, 13*z - 3*w = 11*z + 4502. What is the thousands digit of z?
2
Let o = 15 + 14. Suppose -2*r + 91 = -o. What is the units digit of r?
0
Suppose 2*l + 92 = 2*c, 0*c - 2*l + 166 = 4*c. Let x = c - 63. What is the units digit of 9*(-5)/x*4?
9
Let a(g) = g**3 + 29*g**2 - 217*g + 46. What is the thousands digit of a(-34)?
1
Suppose -1468 = -5*z - y, -5*z - 5*y - 495 = -1955. Suppose 0*s - z = -6*s. What is the units digit of s?
9
Suppose 96 = 4*n + 2*l, -n + 8 = -l - 10. What is the tens digit of n?
2
Let k = 3905 + -2182. What is the thousands digit of k?
1
Let o(f) = -106*f - 260. What is the units digit of o(-32)?
2
Let b(v) = -2*v**2 + 34*v + 1. What is the units digit of b(7)?
1
Let r(v) = v**3 - 8*v**2 - 6*v - 25. Let h be r(9). Suppose -h*c + 6 = -2*w + 48, 4*w - 109 = -c. What is the units digit of w?
6
Let y(w) = 330*w**2 + 5*w + 4. What is the units digit of y(-1)?
9
Let l(w) = w**2 + 3*w - 17. Suppose 9*x - 2*x = 91. What is the units digit of l(x)?
1
Let o(j) = j**3 - 8*j**2 + 13*j - 11. Let x be o(6). Let a(f) = f**3 + 5*f**2 - 3 + f - 3*f + 0. What is the units digit of a(x)?
7
What is the units digit of -5 + 98/21 + 4719/9?
4
Let w = -1211 - -3397. What is the thousands digit of w?
2
Let m = -46 + 51. Suppose 0 = m*x + 2*u - 1082, -3*x + 2*u + 638 = 6*u. What is the hundreds digit of x?
2
Suppose 3*j - 7*f + 6*f = 5224, -3*j + 4*f = -5209. What is the thousands digit of j?
1
Let t(l) = -l + 283 + l**2 + 10*l - 333. What is the tens digit of t(-15)?
4
Let a = -3108 - -4925. What is the units digit of a?
7
Let x = 248 - 25. Let o = x - 50. What is the hundreds digit of o?
1
Let f = -80 - -140. Suppose 198 = 2*i + f. What is the units digit of i?
9
Suppose 3*i - 3*w = 15, w + w + 1 = -i. Let b be (-2)/i + 32/(-6). What is the tens digit of (4/b)/((-8)/588)?
4
Let f(w) = -w**3 + 19*w**2 - 27*w + 15. Let d(b) = 2*b - 27. Let s be d(22). What is the tens digit of f(s)?
3
Let y(q) = -12*q + 31*q + 15 - 17*q. What is the units digit of y(0)?
5
Let a = -1 + -4. Let c(x) be the first derivative of x**2/2 + 8*x + 19. What is the units digit of c(a)?
3
Let s be (-9)/(-6)*(-376)/6. What is the tens digit of s/(-1) - (-8 - -6)?
9
Suppose -2*o + 7 + 5 = 0. What is the units digit of ((-2)/o)/(2/(-318))?
3
Let z(s) = -79*s - 108. What is the tens digit of z(-5)?
8
Let u be (-1894)/(-30) + (-28)/210. Let t = -39 + u. What is the tens digit of t?
2
Let r(c) = 14*c**2 + 50*c - 93. What is the thousands digit of r(-15)?
2
Let d be (40/(-16))/((-2)/(-4)). Let q(t) = -8*t + 6. What is the units digit of q(d)?
6
Let o = 27 + -24. Suppose -n - 495 = -o*n + d, 993 = 4*n - d. What is the units digit of n?
9
What is the hundreds digit of 1/(-12) - (-24073)/12?
0
Suppose -3*b - 711 = -4*p + 223, 0 = -4*p - 2*b + 924. Suppose 4*d - p = -0*d. Let m = d + -38. What is the tens digit of m?
2
Let k(y) = 2*y**2 - 9*y - 10. Let v(g) = g**2 - 4*g - 5. Let b(d) = -4*k(d) + 7*v(d). Let i be 2/(-4)*(-2 + -11 + -1). What is the units digit of b(i)?
2
Suppose 2414 = 2*n - 2*w, -n = n - 5*w - 2405. What is the units digit of n?
0
Let r = 18 - -10. Suppose -146 = 27*l - r*l. What is the hundreds digit of l?
1
Let v = -765 + 1781. What is the tens digit of v?
1
Suppose 2*p = -26 + 242. Let k be (-1*p)/((-3)/2). Suppose 6*x - k = 2*x. What is the units digit of x?
8
Suppose -6 = -v - 4. Suppose -5*w = -j + 12, -j = w - v*w. What is the tens digit of j + (-3 - -3 - -34)?
3
Let y be 55/(-3) - (3 - 50/15). Let a = y + 80. What is the units digit of a?
2
Suppose 3*m - o = 20, 4*o = m + 7*o. Let u = m + 79. What is the units digit of u?
5
Let j = 24 + -21. Suppose 0 = j*s - 47 - 115. Suppose -y = 2*n - 3 - 3, -s = -4*y - 2*n. What is the tens digit of y?
1
What is the units digit of 1618 + 2/2 - (43 + -48)?
4
Let n(x) = -18*x - 4 + 12 + 12. Let i be n(-6). Suppose -107 = -5*f + i. What is the units digit of f?
7
Let v(t) = -13*t + 5*t + 2*t**2 + 25*t + 0*t + 28. What is the tens digit of v(-8)?
2
Let y = 72 - 72. What is the hundreds digit of 3 - 137/(-1) - y?
1
Let q(p) be the first derivative of -4*p**2 + 7*p + 20. What is the units digit of q(-3)?
1
Let u = 124 + -60. Let k be -25 + 3/2*28/(-42). Let q = k + u. What is the units digit 